{"id":7153,"date":"2022-09-16T12:53:02","date_gmt":"2022-09-16T12:53:02","guid":{"rendered":"https:\/\/inegolelifsaglik.com\/?page_id=7153"},"modified":"2022-09-24T11:45:13","modified_gmt":"2022-09-24T11:45:13","slug":"evde-pansuman-yara-bakim-hizmetleri","status":"publish","type":"page","link":"https:\/\/inegolelifsaglik.com\/?page_id=7153","title":{"rendered":"Evde Pansuman &#8211; Yara Bak\u0131m Hizmetleri"},"content":{"rendered":"<p>[vc_row full_width=&#8221;stretch_row&#8221; full_height=&#8221;yes&#8221; css=&#8221;.vc_custom_1663331750881{margin-top: -40px !important;margin-bottom: -40px !important;background-color: #ffffff !important;}&#8221; woodmart_css_id=&#8221;63246d9ea538c&#8221; responsive_spacing=&#8221;eyJwYXJhbV90eXBlIjoid29vZG1hcnRfcmVzcG9uc2l2ZV9zcGFjaW5nIiwic2VsZWN0b3JfaWQiOiI2MzI0NmQ5ZWE1MzhjIiwic2hvcnRjb2RlIjoidmNfcm93IiwiZGF0YSI6eyJ0YWJsZXQiOnt9LCJtb2JpbGUiOnt9fX0=&#8221; mobile_bg_img_hidden=&#8221;no&#8221; tablet_bg_img_hidden=&#8221;no&#8221; woodmart_parallax=&#8221;0&#8243; woodmart_gradient_switch=&#8221;no&#8221; woodmart_box_shadow=&#8221;no&#8221; wd_z_index=&#8221;no&#8221; woodmart_disable_overflow=&#8221;0&#8243; row_reverse_mobile=&#8221;0&#8243; row_reverse_tablet=&#8221;0&#8243;][vc_column][vc_column_text woodmart_inline=&#8221;no&#8221; text_larger=&#8221;no&#8221;]<\/p>\n<div class=\"dlab-post-title \">\n<h3 class=\"post-title\" style=\"text-align: center;\">Evde Pansuman &#8211; Yara Bak\u0131m Hizmetleri<\/h3>\n<\/div>\n<div class=\"dlab-post-text\">\n<p style=\"text-align: center;\"><strong>Evde pansuman\u00a0<\/strong>g\u00fcnl\u00fck ya\u015fant\u0131m\u0131z da herhangi bir kazandan dolay\u0131 k\u00fc\u00e7\u00fck ve a\u011f\u0131r yaralar alabiliriz. Ciddi yaralar\u0131m\u0131zla sa\u011fl\u0131k ekipleri ilgilensede k\u00fc\u00e7\u00fck yaralar\u0131m\u0131z i\u00e7in de kendimizin de m\u00fcdale etmesi bir o kadar \u00f6nemlidir.Peki kendimiz evde nas\u0131l pansuman yapabiliriz, bu \u00e7ok basit g\u00f6z\u00fckse de asl\u0131nda \u00e7ok dikkat edilmelidir. Herhangi bir yara s\u0131ras\u0131nda m\u00fcdahale edecek ki\u015fi kesinlikle elleri temiz,eldivenli ve steril bir ortamda m\u00fcdahelesini yapmal\u0131d\u0131r.Yara i\u00e7in uygun malzemeler se\u00e7ilmelidir.<\/p>\n<p style=\"text-align: center;\">\u00a0Pansumanda kullan\u0131lacak olan malzemeler streril edilmelidir.<\/p>\n<p style=\"text-align: center;\">&#8211; Yaraya uygun malzemeler se\u00e7ilmelidir.<\/p>\n<p style=\"text-align: center;\">&#8211; Ellerin mutlaka y\u0131kanmas\u0131 gerekir.<\/p>\n<p style=\"text-align: center;\">&#8211; Yara a\u00e7\u0131\u011fa \u00e7\u0131kart\u0131l\u0131r.<\/p>\n<p style=\"text-align: center;\">&#8211; Eller dezenfekte edildikten sonra eldiven tak\u0131l\u0131r.<\/p>\n<p style=\"text-align: center;\">&#8211; Yaran\u0131n \u00fczerindeki malzemeler sol\u00fcsyon yard\u0131m\u0131yla \u0131s\u0131t\u0131larak \u00e7\u0131kart\u0131lmal\u0131.<\/p>\n<p style=\"text-align: center;\">&#8211; Gazl\u0131 bez,pamuk gibi ilk yard\u0131m malzemeleri pens ile tutulams\u0131 gerekir.<\/p>\n<p style=\"text-align: center;\">&#8211; Yaran\u0131n y\u0131kanmas\u0131 gerekiyor ise y\u0131kan\u0131r.<\/p>\n<p style=\"text-align: center;\">&#8211; Gazl\u0131 bez yard\u0131m\u0131 ile yara temizlenir.<\/p>\n<p style=\"text-align: center;\">&#8211; Uygun merhem s\u00fcr\u00fclerek yara tekrar kapat\u0131l\u0131r.<\/p>\n<p style=\"text-align: center;\"><strong>PANSUMAN T\u00dcRLER\u0130<\/strong><\/p>\n<ol style=\"text-align: center;\">\n<li>Aseptik pansuman<\/li>\n<li>Antiseptik pansuman<\/li>\n<li>Kuru pansuman<\/li>\n<li>Ya\u015f pansuman<\/li>\n<li>Koruyucu pansuman<\/li>\n<li>Emici pansuman<\/li>\n<li>Bas\u0131n\u00e7l\u0131 pansuman<\/li>\n<\/ol>\n<p style=\"text-align: center;\"><strong>EVDE PANSUMAN H\u0130ZMET\u0130<\/strong><\/p>\n<p style=\"text-align: center;\"><strong>Evde pansuman hizmeti,\u00a0<\/strong>daha konforlu ve hastalar\u0131 hem psikolojik hem de fiziken daha rahat ettirmek i\u00e7in sunulan bu hizmettir .\u00a0<strong>EL\u0130F SA\u011eLIK KAB\u0130N\u0130 <\/strong>\u00a0bebek,\u00e7o\u00e7uk,gebe ve ya\u015fl\u0131lar ba\u015fta olmak \u00fcz\u00fcre t\u00fcm hem\u015firelik hizmetlerini evde konforlu bir \u015fekil de sa\u011flamaktad\u0131r. Uzman kodrosu ile <strong>EL\u0130F <\/strong><strong>SA\u011eLIK KAB\u0130N\u0130\u00a0<\/strong>\u00a0sizi ve sa\u011fl\u0131\u011f\u0131n\u0131z\u0131 b\u00fcy\u00fck \u00f6l\u00e7\u00fcde \u00f6nemseyen ve evinizi sizin i\u00e7in konforlu bir medikal yere d\u00f6n\u00fc\u015ft\u00fcren bir ekiptir.<\/p>\n<p style=\"text-align: center;\"><strong>A\u00c7IK YARA PANSUMANI<\/strong><\/p>\n<p style=\"text-align: center;\"><strong>A\u00e7\u0131k yara pansuman\u0131,\u00a0<\/strong>a\u00e7\u0131k olan yaran\u0131n etraf\u0131 silinir. A\u00e7\u0131k yaran\u0131n i\u00e7i kesinlikle antiseptik ile temizlenmez .Yara i\u00e7i,enjekt\u00f6re \u00e7ekilen ve bas\u0131n\u00e7l\u0131 p\u00fcsk\u00fcrt\u00fclen ser\u00fcm fizyolojik ile y\u0131kan\u0131r \u0131slat\u0131lm\u0131\u015f gazl\u0131 bezle yava\u015f ve yumu\u015fak \u015fekil de silinir.<\/p>\n<\/div>\n<p>[\/vc_column_text][\/vc_column][\/vc_row]<\/p>\n","protected":false},"excerpt":{"rendered":"<p>[vc_row full_width=&#8221;stretch_row&#8221; full_height=&#8221;yes&#8221; css=&#8221;.vc_custom_1663331750881{margin-top: -40px !important;margin-bottom: -40px !important;background-color: #ffffff !important;}&#8221; woodmart_css_id=&#8221;63246d9ea538c&#8221; responsive_spacing=&#8221;eyJwYXJhbV90eXBlIjoid29vZG1hcnRfcmVzcG9uc2l2ZV9zcGFjaW5nIiwic2VsZWN0b3JfaWQiOiI2MzI0NmQ5ZWE1MzhjIiwic2hvcnRjb2RlIjoidmNfcm93IiwiZGF0YSI6eyJ0YWJsZXQiOnt9LCJtb2JpbGUiOnt9fX0=&#8221; mobile_bg_img_hidden=&#8221;no&#8221; tablet_bg_img_hidden=&#8221;no&#8221; woodmart_parallax=&#8221;0&#8243; woodmart_gradient_switch=&#8221;no&#8221; woodmart_box_shadow=&#8221;no&#8221; wd_z_index=&#8221;no&#8221; woodmart_disable_overflow=&#8221;0&#8243; row_reverse_mobile=&#8221;0&#8243;<\/p>\n","protected":false},"author":1,"featured_media":0,"parent":0,"menu_order":0,"comment_status":"closed","ping_status":"closed","template":"","meta":{"footnotes":""},"class_list":["post-7153","page","type-page","status-publish","hentry"],"_links":{"self":[{"href":"https:\/\/inegolelifsaglik.com\/index.php?rest_route=\/wp\/v2\/pages\/7153","targetHints":{"allow":["GET"]}}],"collection":[{"href":"https:\/\/inegolelifsaglik.com\/index.php?rest_route=\/wp\/v2\/pages"}],"about":[{"href":"https:\/\/inegolelifsaglik.com\/index.php?rest_route=\/wp\/v2\/types\/page"}],"author":[{"embeddable":true,"href":"https:\/\/inegolelifsaglik.com\/index.php?rest_route=\/wp\/v2\/users\/1"}],"replies":[{"embeddable":true,"href":"https:\/\/inegolelifsaglik.com\/index.php?rest_route=%2Fwp%2Fv2%2Fcomments&post=7153"}],"version-history":[{"count":1,"href":"https:\/\/inegolelifsaglik.com\/index.php?rest_route=\/wp\/v2\/pages\/7153\/revisions"}],"predecessor-version":[{"id":7155,"href":"https:\/\/inegolelifsaglik.com\/index.php?rest_route=\/wp\/v2\/pages\/7153\/revisions\/7155"}],"wp:attachment":[{"href":"https:\/\/inegolelifsaglik.com\/index.php?rest_route=%2Fwp%2Fv2%2Fmedia&parent=7153"}],"curies":[{"name":"wp","href":"https:\/\/api.w.org\/{rel}","templated":true}]}}