{"id":7162,"date":"2022-09-16T13:22:26","date_gmt":"2022-09-16T13:22:26","guid":{"rendered":"https:\/\/inegolelifsaglik.com\/?page_id=7162"},"modified":"2022-09-16T13:22:26","modified_gmt":"2022-09-16T13:22:26","slug":"dikis-atma-dikis-alma","status":"publish","type":"page","link":"https:\/\/inegolelifsaglik.com\/?page_id=7162","title":{"rendered":"Diki\u015f Atma &#8211; Diki\u015f Alma"},"content":{"rendered":"<p>[vc_row full_width=&#8221;stretch_row&#8221; full_height=&#8221;yes&#8221; css=&#8221;.vc_custom_1663331750881{margin-top: -40px !important;margin-bottom: -40px !important;background-color: #ffffff !important;}&#8221; woodmart_css_id=&#8221;63246d9ea538c&#8221; responsive_spacing=&#8221;eyJwYXJhbV90eXBlIjoid29vZG1hcnRfcmVzcG9uc2l2ZV9zcGFjaW5nIiwic2VsZWN0b3JfaWQiOiI2MzI0NmQ5ZWE1MzhjIiwic2hvcnRjb2RlIjoidmNfcm93IiwiZGF0YSI6eyJ0YWJsZXQiOnt9LCJtb2JpbGUiOnt9fX0=&#8221; mobile_bg_img_hidden=&#8221;no&#8221; tablet_bg_img_hidden=&#8221;no&#8221; woodmart_parallax=&#8221;0&#8243; woodmart_gradient_switch=&#8221;no&#8221; woodmart_box_shadow=&#8221;no&#8221; wd_z_index=&#8221;no&#8221; woodmart_disable_overflow=&#8221;0&#8243; row_reverse_mobile=&#8221;0&#8243; row_reverse_tablet=&#8221;0&#8243;][vc_column][vc_column_text woodmart_inline=&#8221;no&#8221; text_larger=&#8221;no&#8221;]<\/p>\n<div class=\"dlab-post-title \">\n<h3 class=\"post-title\" style=\"text-align: center;\">Diki\u015f Atma &#8211; Diki\u015f Alma<\/h3>\n<\/div>\n<div class=\"dlab-post-text\">\n<p style=\"text-align: center;\">Diki\u015f yani di\u011fer ad\u0131yla s\u00fcturun at\u0131lma ve al\u0131nma s\u00fcre\u00e7lerini anlat\u0131p bu s\u00fcre\u00e7lere dair bilmemiz gereken \u00f6nemli k\u0131s\u0131mlara de\u011findik. Yaran\u0131n ne zaman y\u0131kanabilece\u011fi ya da yaraya ne s\u0131kl\u0131kla pansuman yap\u0131lmas\u0131 gerekti\u011fi gibi sorular\u0131n cevaplar\u0131n\u0131 yaz\u0131m\u0131zda bulabilirsiniz.<\/p>\n<p style=\"text-align: center;\">Diki\u015f atma genellikle acil durum gerektiren bir konudur. Kesik olu\u015ftu\u011fu zaman s\u00f6z konusu par\u00e7alanman\u0131n boyutu ve \u015fekli \u00f6nemlidir.\u00a0\u00a0Yaralanman\u0131n ya\u015fand\u0131\u011f\u0131 v\u00fccut b\u00f6lgesine\u00a0ba\u011fl\u0131 olarak da diki\u015f atma durumu ve iyile\u015fme s\u00fcresi de\u011fi\u015fiklik g\u00f6sterir.\u00a0\u00d6rne\u011fin parma\u011fa at\u0131lan diki\u015fler genellikle k\u00fc\u00e7\u00fck boyuttad\u0131r. Lakin ele, \u00f6zellikle de parma\u011fa diki\u015f atma konusu profesyonel m\u00fcdahaleden kesinlikle taviz verilmemesi gereken bir durumdur. Parmaktaki kas ve sinir sistemi fazlas\u0131yla geli\u015fmi\u015f ve hassas oldu\u011fundan bu ve de tabii di\u011fer b\u00fct\u00fcn medikal i\u015flemlerin alan\u0131nda uzman olan bir sa\u011fl\u0131k memuru, hem\u015fire veya doktor taraf\u0131ndan yap\u0131lmas\u0131 gerekir.<\/p>\n<h2 style=\"text-align: center;\">Diki\u015f (S\u00fctur) Alma \u0130\u015flemi<\/h2>\n<p style=\"text-align: center;\">Yaralanma veya ameliyat gibi durumlar\u0131n sonras\u0131nda at\u0131lan cerrahi diki\u015flerin yakla\u015f\u0131k 10 g\u00fcn sonra al\u0131nmas\u0131 gerekir. Bu s\u00fcre diki\u015flere ve hastaya g\u00f6re de\u011fi\u015fiklik g\u00f6sterir. \u00d6nemli olan diki\u015fleri atan veya sonras\u0131nda yaray\u0131 tetkik etmi\u015f sa\u011fl\u0131k personelinin verece\u011fi bilgidir. Emilebilen diki\u015f ya da eriyebilen diki\u015f diye adland\u0131r\u0131lan ve al\u0131nmas\u0131na gerek duyulmayan diki\u015f malzemeleri de mevcuttur.<\/p>\n<\/div>\n<p>[\/vc_column_text][\/vc_column][\/vc_row]<\/p>\n","protected":false},"excerpt":{"rendered":"<p>[vc_row full_width=&#8221;stretch_row&#8221; full_height=&#8221;yes&#8221; css=&#8221;.vc_custom_1663331750881{margin-top: -40px !important;margin-bottom: -40px !important;background-color: #ffffff !important;}&#8221; woodmart_css_id=&#8221;63246d9ea538c&#8221; responsive_spacing=&#8221;eyJwYXJhbV90eXBlIjoid29vZG1hcnRfcmVzcG9uc2l2ZV9zcGFjaW5nIiwic2VsZWN0b3JfaWQiOiI2MzI0NmQ5ZWE1MzhjIiwic2hvcnRjb2RlIjoidmNfcm93IiwiZGF0YSI6eyJ0YWJsZXQiOnt9LCJtb2JpbGUiOnt9fX0=&#8221; mobile_bg_img_hidden=&#8221;no&#8221; tablet_bg_img_hidden=&#8221;no&#8221; woodmart_parallax=&#8221;0&#8243; woodmart_gradient_switch=&#8221;no&#8221; woodmart_box_shadow=&#8221;no&#8221; wd_z_index=&#8221;no&#8221; woodmart_disable_overflow=&#8221;0&#8243; row_reverse_mobile=&#8221;0&#8243;<\/p>\n","protected":false},"author":1,"featured_media":0,"parent":0,"menu_order":0,"comment_status":"closed","ping_status":"closed","template":"","meta":{"footnotes":""},"class_list":["post-7162","page","type-page","status-publish","hentry"],"_links":{"self":[{"href":"https:\/\/inegolelifsaglik.com\/index.php?rest_route=\/wp\/v2\/pages\/7162","targetHints":{"allow":["GET"]}}],"collection":[{"href":"https:\/\/inegolelifsaglik.com\/index.php?rest_route=\/wp\/v2\/pages"}],"about":[{"href":"https:\/\/inegolelifsaglik.com\/index.php?rest_route=\/wp\/v2\/types\/page"}],"author":[{"embeddable":true,"href":"https:\/\/inegolelifsaglik.com\/index.php?rest_route=\/wp\/v2\/users\/1"}],"replies":[{"embeddable":true,"href":"https:\/\/inegolelifsaglik.com\/index.php?rest_route=%2Fwp%2Fv2%2Fcomments&post=7162"}],"version-history":[{"count":1,"href":"https:\/\/inegolelifsaglik.com\/index.php?rest_route=\/wp\/v2\/pages\/7162\/revisions"}],"predecessor-version":[{"id":7163,"href":"https:\/\/inegolelifsaglik.com\/index.php?rest_route=\/wp\/v2\/pages\/7162\/revisions\/7163"}],"wp:attachment":[{"href":"https:\/\/inegolelifsaglik.com\/index.php?rest_route=%2Fwp%2Fv2%2Fmedia&parent=7162"}],"curies":[{"name":"wp","href":"https:\/\/api.w.org\/{rel}","templated":true}]}}